 10*k**2. Determine d(5).
-9
Suppose -6 + 18 = -4*k. Let i(u) = 5*u**3 + 1. Let g be i(-1). Let x be (3 - -2) + k - g. Let f(p) = -p**3 + 6*p**2 - 5. Determine f(x).
-5
Let f(l) = 6*l**2 + 15*l + 6. Let y(a) = -2*a**2 - 5*a - 2. Let q(o) = -2*f(o) - 7*y(o). Let d = -75 - -72. Give q(d).
5
Let q(w) = 1. Let k(v) = -v**2 - 3*v + 7. Let b(r) = -k(r) + 4*q(r). Determine b(-3).
-3
Let w be (-1 - 2*-1)*1. Let f(z) = 3 + 2*z - w + z - 4*z. Let u(t) = t**2 - 5*t - 5. Let r be u(5). What is f(r)?
7
Let m(s) = -6*s. Let f(j) = j + 5. Let d(i) be the second derivative of -i**3/6 - i. Let z(w) = -2*d(w) - f(w). Let g be z(6). Calculate m(g).
-6
Let h(q) = -2*q - 6. Suppose -2*u = 4 + 4. Let t be (-4 - -2)*(2 + u). Let i = -1 - t. Calculate h(i).
4
Let i(v) = v**3 - v**2 - v + 4. Let q be 3/21 + 1/(-7). Determine i(q).
4
Let h = 30 - 179/6. Let g(d) be the second derivative of -3*d - 1/2*d**2 - 1/6*d**4 + 0 - 1/20*d**5 + h*d**3. Determine g(-3).
5
Let d be (4 + 0)/(-1) + -1. Let v(f) be the second derivative of -f**5/20 - 5*f**4/12 + 3*f**2/2 - 4*f. Determine v(d).
3
Let r(z) be the second derivative of -z**2 - 1/12*z**4 + 4*z + 0 - 1/2*z**3. Let c(j) = 3*j + 3. Let y be c(-2). Calculate r(y).
-2
Let o be 20/(-15)*36/(-8). Let l(z) = 2*z - 7. What is l(o)?
5
Let f(z) = 7*z**3 - z**3 - 12*z**3 - 5*z**2 + 5*z**3 - 6 - 6*z. What is f(-4)?
2
Let o(t) be the third derivative of -1/30*t**5 + 1/24*t**4 - 2*t**2 + 0 - 1/6*t**3 + 0*t. What is o(2)?
-7
Let g(j) be the second derivative of -j**4/12 - j**3/3 - j**2 + j. Let i(z) = -4*z**2 - 2*z - 1. Let n be i(-1). Let q = n + 1. Calculate g(q).
-2
Let z(h) be the second derivative of h**4/12 - h**3/6 - h**2/2 + 5*h. Let y(t) = -3*t**2 - 8*t + 12*t + 5 + 6 + 7*t. Let v(n) = y(n) + 4*z(n). Calculate v(-5).
-3
Let w(g) = -44*g**3 - 43*g**3 + 0*g**2 + 86*g**3 + 4*g**2. Let r(d) = d**3 - 4*d + 3. Suppose -k = -2*k + 2. Let u be r(k). Determine w(u).
9
Let x(l) = -l**3 - 6*l**2 + 9*l + 8. Let c = 17 + -24. Give x(c).
-6
Suppose -3*a - 20 = 2*a. Let i(q) = q**3 - q**2 + 6*q + 5. Let m(z) = -z**3 + 2*z**2 - 6*z - 5. Let k(u) = 7*i(u) + 6*m(u). Calculate k(a).
-3
Suppose 2*k = -5*p + 20 + 5, -k = 0. Suppose p*s = 14 + 1. Suppose v + s*a = 6, v + 3*a - 6 = -2*v. Let c(j) = -j**3 - j**2 - 6. Calculate c(v).
-6
Suppose 9 + 6 = 3*n. Let s(q) = 2*q**2 - 8*q + 6. What is s(n)?
16
Let d(w) = 6 + 2*w**2 - 2 + 2*w - 8 + 2. Suppose -n + 3*n + 4 = 0. Let y be d(n). Let o(p) = p**2 - 2*p + 2. What is o(y)?
2
Let s be -3 + -1 + 3/1. Let n(k) = -3*k**2 - 11. Let q(w) = w**2 + 4. Let t(z) = -4*n(z) - 11*q(z). Determine t(s).
1
Let p(s) = -s**2 - 3*s + 4. Let q be p(-4). Let d(a) = -a**3 + a**2 + 4*a - 8. Let f(t) = t**3 - t**2 - 5*t + 8. Let w(g) = -5*d(g) - 4*f(g). Calculate w(q).
8
Let k(g) = 2*g**2 + 1. Let o(x) = x + 7. Let f be o(-6). Let l(u) = -u**2 + 2*u. Let i be l(f). Suppose -3 = -4*d + i. What is k(d)?
3
Let v(g) = -2*g. Let m(a) = a**3 + 4*a**2 + 2*a - 3. Let l be m(-3). Let h(q) = -q + 4. Let w be h(8). Let y = l + w. Calculate v(y).
8
Let d(z) be the third derivative of -1/60*z**5 + 0 - 1/24*z**4 + 1/60*z**6 + 3*z**2 + 0*z + 0*z**3. Give d(-1).
-2
Let r(z) = -z**3 - 6*z**2 - 6*z + 1. Let g be -3 - (2 + -2 - 1). Let y be ((-5)/g)/((-1)/2). Give r(y).
6
Let k be 3/(9/3) + 0. Suppose 4 - k = v + f, -3*f + 2 = -4*v. Let n(t) = -t + 2 + v - 1. What is n(-4)?
6
Let d(j) be the third derivative of j**4/24 - 7*j**3/3 + 6*j**2. Calculate d(8).
-6
Let q = -2 - -2. Suppose q = j - 2*j - 1. Let w(l) = 7*l - 1. Determine w(j).
-8
Suppose 2*z + 12 = 6*k - 2*k, 0 = -2*k - 4*z + 16. Let t(y) = -1 + 6*y**2 - k*y**3 - 7*y - 1 + 5*y**3 + 6*y. Suppose 24 = -4*c - 0. Determine t(c).
4
Let l(a) = 0 - 2*a**2 - 4 - a + 3*a**2. Suppose 0 = -2*d + 2 - 4. Let c be 0/(2/(2/d)). Calculate l(c).
-4
Let s(c) = c + 4. Let t(a) = 3. Let m(p) = -2*s(p) + 3*t(p). Suppose 0 = 4*n - 0 - 4. Let b = n + 1. Calculate m(b).
-3
Let d(s) = -s**3 - 10*s**2 + 9*s - 14. Let u be d(-11). Let o(i) = -i + 1. Let p be o(-3). Let y = u - p. Let b(t) = -t + 1. Determine b(y).
-3
Let z(u) = u**3 + 4*u**2 + 5. Let b be z(-4). Let a(x) = 4*x + 12. Suppose -7 = -5*l + 18. Let d(s) = s + 1. Let o(y) = l*d(y) - a(y). Calculate o(b).
-2
Let v(k) be the third derivative of -k**4/24 - 5*k**3/6 + k**2. Let y(b) = -b + 15. Let w be y(11). Suppose -2*n - 6 = w. Determine v(n).
0
Let c(t) = -t - 5. Let z be -4 - -2*3/6. Let l = -7 - z. Give c(l).
-1
Let l = -5 - -8. Let x(r) = r**2 - 6*r + 2. Let k(s) = 4*s**2 - 25*s + 7. Let w(g) = -2*k(g) + 9*x(g). Calculate w(l).
1
Let k(m) be the second derivative of -m**8/6720 + m**7/2520 - m**6/360 + m**5/120 - m**4/2 - 8*m. Let t(u) be the third derivative of k(u). Calculate t(1).
-1
Let u(a) = a + 10. Let s be u(-8). Suppose q + 23 = 3*t, 10 = 2*t - t + s*q. Suppose 4*n + t = 2*n. Let j(d) = d**3 + 4*d**2 + 1. What is j(n)?
1
Let z(w) be the third derivative of -w**4/6 + 2*w**3/3 - 3*w**2 + 6*w. Determine z(3).
-8
Let q(j) = -j**3 + 5 - 3 + 1 + 3*j**3. Let l(n) = -3*n**3 - 4. Let c(h) = -5*l(h) - 7*q(h). Let m(b) = b + 6. Let z be m(-6). Give c(z).
-1
Let f = 9 - 3. Let b(j) = j**2 - j + 1. Let t(a) = -2*a**2 - 5*a + 3. Let q = 3 - 2. Let p(w) = q*t(w) + 3*b(w). Give p(f).
-6
Let x(v) = -v. Let n be x(-3). Let q(h) = 7*h**2 + 3*h - 10. Let z = 20 + -14. Let g(d) = -15*d**2 - 7*d + 21. Let o(y) = z*g(y) + 13*q(y). What is o(n)?
-4
Let l(m) = -m - 3. Suppose -2*a + 2 - 32 = 2*p, -2*a - 5*p - 42 = 0. Determine l(a).
8
Let q(u) be the second derivative of u**4/12 - u**3/2 - 3*u**2/2 - 2*u - 3. Calculate q(4).
1
Let j = 10 - 15. Let q(s) = -s**3 - 4*s**2 + 5*s + 2. Determine q(j).
2
Let m(r) = -3*r - 5. Let n(l) = 8*l + 12. Let t(v) = -12*m(v) - 5*n(v). Let q be 1/4 + (-33)/(-12). Suppose q*b - 6 = -0*b. Determine t(b).
-8
Let v(i) = -9 + 0*i**3 + 5*i**2 + 0*i**2 + i**3 + i**2 - 2*i. Let z be v(-6). Let n(c) = -c**3 + 3*c**2 + c. Calculate n(z).
3
Suppose 3*n - 4*v + 2*v = 40, 3*n + 5*v - 5 = 0. Let u(y) = -y**2 + 10*y - 3. Let o be u(n). Let s(q) = -q + 2. Give s(o).
5
Let h(b) be the first derivative of -b**4/12 + b**3 + b + 1. Let x(l) be the first derivative of h(l). Suppose -3*t + 5 = -2*t. What is x(t)?
5
Let t(d) = -d**3 + 6*d**2 + 8*d - 8. Let b be t(7). Let a(q) = -q**2 + 5*q. Let s(x) = -x**2 + 2*x. Let o(h) = 2*a(h) - 5*s(h). What is o(b)?
3
Let k(h) = -4*h**2 + 2. Let o = -1 + -3. Let b be o/(-26) - 56/26. What is k(b)?
-14
Suppose -5*u + 14 = -1. Suppose u*l + l + 20 = 0. Let q(k) be the first derivative of -k**4/4 - 4*k**3/3 + 5*k**2/2 - 5*k + 1. What is q(l)?
-5
Suppose -2*l - 2*l + 145 = -5*w, 3*l + 3*w = 75. Suppose -h + 6*h = -l. Let o(t) = -t**2 - 6*t - 1. Determine o(h).
-1
Let k(h) = 7*h**3 + 2*h**2 - 1. Suppose -2*q + 2*v + 14 = 0, 3*v - 35 = -5*q - v. Let n = -2 + q. Suppose -4*p - 11 = -c + 4, n*p = -4*c - 24. Determine k(c).
-6
Suppose -5*r - 3*o - 2 = 0, -3*r - r = -5*o - 28. Let b(k) = -k**2 - 5 + 2*k**r - 8*k + 12*k. Determine b(-4).
-5
Let c(l) = 7*l**2 - 5*l. Let d(u) = 4*u + 8*u**2 - 5*u - u - 4*u. Let a(n) = -5*c(n) + 4*d(n). Let z(b) = -b**2 - 3*b + 3. Let s be z(-4). Determine a(s).
-4
Let c be (-1)/(-2)*(-3 - -9). Let t(m) be the third derivative of 0*m + 0 - 1/60*m**5 - m**c - 5/24*m**4 + m**2. Calculate t(-4).
-2
Let y(i) = -9*i**3 - i**2 - 2*i - 4. Let p = -2 + 5. Let q(r) = -26*r**3 - 3*r**2 - 5*r - 11. Let n(d) = p*q(d) - 8*y(d). Suppose -2*t + 0 + 2 = 0. Give n(t).
-7
Let x(d) be the first derivative of d**4/12 + 2*d**3/3 + d**2/2 - 3*d + 3. Let u(i) be the first derivative of x(i). Let y = 10 + -14. What is u(y)?
1
Let l(x) = x**3 - 4*x**2 - 3*x - 6. Let n be l(5). Suppose -10 - 10 = -n*g. Let s(j) = -3*j + j**2 + g*j - 2*j**2 + 3 - 5. Calculate s(3).
-5
Let b(o) = -17 - 14 + 31 + 7*o. Calculate b(-1).
-7
Let o(g) = g**2 - g - 1. Let x be ((-1)/2 + -1)*2. Give o(x).
11
Let m(n) = n**2 - 16*n - 23. Let h be m(17). Let z(x) = -x**3 - 5*x**2 + 4*x - 8. Calculate z(h).
4
Let s be 10/(-2) + 2*-1. Let h(y) = -2*y + 4. Let d(k) = -3*k + 6. Let t(c) = s*h(c) + 5*d(c). Suppose 16 = 3*w + w - 5*f, 3*w = 3*f + 12. What is t(w)?
-2
Let u(i) be the first derivative of i**3/3 - 3*i**2 - 7*i + 2. Suppose -4*z = -1 - 3. Let g = z - -5. Give u(g).
-7
Let r(s) be the second derivative of s**7/840 + s**6/72 + s**5/24 - s**4/8